 d(q) = q**2 + 3*q. Let n(w) = -7*w**2 - 17*w - 1. Let i(y) = 34*d(y) + 6*n(y). Let m be i(3). Let g = m - -119. What is the tens digit of g?
4
Suppose 2*s = -8, 5*b = -4*s + 36434 + 8755. What is the units digit of b?
1
What is the tens digit of 11 + -4 + 816/(-112) + (-433822)/(-14)?
8
Suppose -18 - 6 = -5*u + 2*s, -10 = -4*u - 3*s. Suppose -2*x + u*x = -5*p + 1805, -p + 338 = 5*x. What is the hundreds digit of p?
3
Suppose 2*g + g + 2*r = -6, 0 = -5*g - r - 3. What is the units digit of -6 - g - (-224 + -3)?
1
Suppose 4445460 = 21*j + 84*j + 1008075. What is the tens digit of j?
3
Let h = -55 + 89. Let l = 436 - h. Let j = l + -281. What is the units digit of j?
1
Let x = 637 + -72. Let k(b) = 3*b - 6. Let w be k(3). Suppose -2*i + x = w*i. What is the hundreds digit of i?
1
Let j be 6 + -2 + -31 + 0. Let x = j + 30. Suppose 2*b + k - 47 - 11 = 0, 0 = 5*b + x*k - 143. What is the units digit of b?
1
Suppose 0*n - 3*n - 1116 = 4*v, 2*n + 755 = v. What is the tens digit of (n/(-20) + 1)*100/6?
3
Let y be -7 - -3*(-902)/6. Let c = y + 1035. What is the hundreds digit of c?
5
Let k be (-3)/((-6)/157)*(-4)/(-2). Suppose 3*i + k - 52 = 0. Let w = i + 123. What is the units digit of w?
8
Suppose 517*u - 19037898 = -535*u + 326*u. What is the thousands digit of u?
6
Let p(j) = -267*j**3 + 4*j**2 + 2*j - 7. What is the hundreds digit of p(-3)?
2
Suppose 6*q - 49175 = -10*q + 22185. What is the units digit of q?
0
Let r(h) = 2*h - 29. Let y be r(16). Suppose -3*j - y*d = -93, -4*j = -d - d - 124. Suppose -2*v + 105 = -j. What is the tens digit of v?
6
Suppose -2*u = -u - 8. Suppose -u*l = -6*l - 632. Suppose 0*m + 2*m - l = 0. What is the tens digit of m?
5
Let y be (1*-4)/(-4) + 1 + -24. Let k = y - -12. Let m(x) = x**2 + 9*x + 13. What is the tens digit of m(k)?
2
Let j(o) = 113*o**2 - 2*o + 1. Let s be j(1). Suppose -43*p + 50*p - 1302 = 0. Let f = p - s. What is the tens digit of f?
7
Suppose 3 = -g, 13*l - 5*g - 52545 = 8*l. What is the ten thousands digit of l?
1
Let x(q) = -q**2 + 18*q + 21. Let i be x(19). Suppose i*r = 3*d + 574, 0*r - 1444 = -5*r + 3*d. Suppose -r = 69*u - 74*u. What is the units digit of u?
8
Let o = 4831 + 9775. What is the units digit of o?
6
Suppose 3*b = 2*p - 141, -116 = -2*p - 2*b - 0*b. Let r = p + -18. What is the tens digit of r?
4
Let r(v) = v**3 + 4. Let u be r(0). Suppose -u = -4*c + 4. What is the tens digit of 9 + (c - -2) + 3?
1
Suppose 63 = 5*w - 4*w. Suppose -w = -3*z - 33. Suppose 0 = z*v - 13*v + 78. What is the tens digit of v?
2
Suppose 2 - 11 = -3*w. Suppose w*j - 3*k - 625 - 584 = 0, -4*k = 5*j - 2006. What is the hundreds digit of j?
4
Suppose 142*k - 12 = 139*k. Suppose -k*o = 2*o - 4404. What is the hundreds digit of o?
7
Suppose 134*q = 59*q + 208875. What is the tens digit of q?
8
What is the units digit of (-36 + -28918)*1/(-2)?
7
Let v be -2 + 4 - (8/4 + 85). Let k = v + 111. Suppose k*m + 855 = 31*m. What is the units digit of m?
1
Suppose 19*k - 100365 = 182431. What is the thousands digit of k?
4
Let x = 12849 - 6727. What is the hundreds digit of x?
1
Let w = 307 + -439. Let j = -111 - w. What is the units digit of j?
1
Let w(t) = 3*t - 41. Let r be w(12). Let x be 2/r + (-36663)/55. Let m = -464 - x. What is the units digit of m?
3
Let j(c) = c**3 + 15*c**2 + 28*c + 14. Let v be j(-13). What is the thousands digit of (6 + 3388/v)/(-1)*6?
1
Suppose -46*c + 1215425 - 418751 = 0. What is the tens digit of c?
1
Let k = 577 - 61. What is the hundreds digit of k?
5
Suppose 4*x + 8*f = 7*f + 8567, -3*x + 2*f + 6417 = 0. Let k = -1350 + x. What is the units digit of k?
1
Suppose -2*w - 3*t + 2303 = -11744, 35155 = 5*w - 5*t. What is the thousands digit of w?
7
Let z be 3*((-42)/35)/(27/30). What is the tens digit of z/(-10) - 10/((-100)/1406)?
4
Suppose 0 = -50*r - 9*r + 387453. What is the units digit of r?
7
Suppose 712 = 3*a + a. Let i = -122 + a. Suppose s - 3*t - 64 = -2*t, s + 3*t - i = 0. What is the tens digit of s?
6
Suppose 24*i = 5*i + 57. Suppose -5*f + 2730 = 5*n - 890, 0 = -i*n - 4*f + 2170. What is the units digit of n?
6
Let a = -1383 - -497. Let k = a - -1657. What is the units digit of (-1)/(-3 + k/258)?
6
Let g(v) = -34*v + 111. Let b be g(-7). Suppose -8*o + b = -403. What is the units digit of o?
4
Let s = -185 - -185. Suppose 3*c = -p + 2077, -5*p - 15 + 5 = s. What is the hundreds digit of c?
6
What is the ten thousands digit of 8942/136*(-7 + 323)?
2
Let c = 4456 + -931. What is the tens digit of c?
2
Suppose 5 = 3*y + 2*y. What is the hundreds digit of 454/8*(-10 + y + 13)?
2
Suppose 3*m - 8 = -4*v, 0*m + 2*v - 14 = -4*m. What is the units digit of (m - 0) + (-5050)/(-10 + 0)?
9
Let z(o) be the second derivative of -200*o**3/3 + o**2 + 258*o. What is the thousands digit of z(-4)?
1
Let i(s) = 19*s**2 - 7*s + 117. Let v be i(7). Suppose -r = 8*r - v. What is the units digit of r?
1
Let m = 10405 + -3320. What is the hundreds digit of m?
0
Let h be (57/(-3))/((-4)/52). Suppose f + 4*y - 46 = -0*f, y - 2 = 0. Let c = h + f. What is the hundreds digit of c?
2
Suppose 4*p - 12*p + 24 = 0. Suppose -3*t + 887 = 5*d - 2*t, p*t = 5*d - 899. Suppose -c + 32 = v, 5*v + 5*c = 6*c + d. What is the tens digit of v?
3
Let q(c) be the third derivative of c**4/24 + 6*c**3 - 4*c**2. Let h be q(23). Suppose 6*l + 23 - h = 0. What is the units digit of l?
6
Suppose -9*a = -7*a - 32*a. Suppose -5*g + 4*h + 3400 = a, 3*h + h = 20. What is the tens digit of g?
8
Let s(v) = -v**3 - 18*v**2 - 25*v + 169. What is the tens digit of s(-24)?
2
Let x = -2074 - -2239. Let g(d) = -d + 7. Let f be g(5). Suppose f*q - x = -9*q. What is the tens digit of q?
1
Suppose -56*a = -47*a + 27. What is the tens digit of (-16220)/(-30) + (-1)/a?
4
Let n be (-18900)/(-132) - (-4)/(-22). Suppose 4*x - 297 - n = 0. What is the tens digit of x?
1
Let n(t) = 460*t**2 - 11*t - 3. What is the thousands digit of n(7)?
2
Suppose 5*u + a - 78 - 1 = 0, 2*u = 4*a + 36. Suppose 19*z - 1599 = u*z. What is the hundreds digit of z?
5
Let l(c) = -c**2 + 22*c + 9. Let q be l(22). What is the tens digit of (-5 - 1/((-3)/q)) + 613?
1
Let r(a) be the first derivative of -a**4/4 - 5*a**3/3 + 4*a**2 - 10*a - 6. Let q(f) = f**2 - 11*f + 17. Let w be q(8). What is the units digit of r(w)?
2
Suppose 10126 = -6*c + 2*c - 2*l, 2*c + 5088 = 4*l. Let i = 3849 + c. What is the hundreds digit of i?
3
Suppose j - 10719 = 4*p + 2852, 27194 = 2*j + 5*p. What is the thousands digit of j?
3
What is the tens digit of (-1103612)/(-44) - (-2 + 1)*1/(-11)?
8
What is the ten thousands digit of 1*9 + (-7)/((-63)/93924)?
1
Suppose 21744 = 11*m + 7*m. Suppose -m = -4*d - 4*t, d + 5*t = -0*t + 282. What is the tens digit of d?
0
Let b = 88 + -43. Let l be (-10)/b + (-87)/(-27). Suppose -7*h + l*h + 456 = -3*v, 3*h = v + 347. What is the hundreds digit of h?
1
Suppose 0 = -21*s + 11709 + 13806. What is the hundreds digit of s?
2
Let c = -192 + 194. Suppose c*n = -3*s + n + 266, -179 = -2*s - n. What is the units digit of s?
7
What is the ten thousands digit of 19472 + -25 - (4 - (2 + -8))?
1
Let a be (163 - 0) + (-3 - 1). Let l = 222 - a. Let w = 107 - l. What is the tens digit of w?
4
Let b(i) = -1169*i. What is the tens digit of b(-6)?
1
Let z(o) = 56*o**3 - 3*o**2 + 7*o - 4. Suppose h - 3*n + 4 = 0, 13 - 3 = 5*n. What is the units digit of z(h)?
6
Let k(l) = -l**3 - 17*l**2 + 5*l + 21. Let a be k(-17). Let m = -49 - a. Suppose -m*j - 111 = -16*j. What is the units digit of j?
1
Suppose -2*l + 75 = -v - 50, -4*v = -2*l + 134. Let k = 123 - -36. Let y = k + l. What is the units digit of y?
0
Let f = 637 - 625. What is the tens digit of 444/(-8)*(-8)/f*2?
7
Let p be 0 - -19 - (2 - 3). Suppose 5*m = 0, -4*g = -0*g + m - p. Suppose l + 3*l + 3*j - 245 = 0, -g*l + 300 = 5*j. What is the tens digit of l?
6
Let z(n) = n**3 - 6*n**2 - 24*n - 8. Let g be z(9). Suppose g*c - 8546 = 6122. What is the tens digit of c?
7
Let p = 5310 + 18922. What is the tens digit of p?
3
Let h = -40 - -42. Let b be -16*((-60)/16 + h). What is the tens digit of 3672/b + 2/(-14)?
3
What is the units digit of (310/(-15) - 5)*-216?
4
Suppose -6*r = -11*r - 640. Let b = r + 127. What is the hundreds digit of b/(-6) - 4047/(-18)?
2
Let x be 16/12*38160/80. Suppose -3*a = -2*n - 0*a - 15,